{"id":30972,"date":"2026-04-25T14:49:19","date_gmt":"2026-04-25T11:49:19","guid":{"rendered":"https:\/\/tint.lt\/shop\/?post_type=product&#038;p=30972"},"modified":"2026-05-05T03:00:15","modified_gmt":"2026-05-05T00:00:15","slug":"sott-plono-audinio-pirstines-darbui-su-viniline-plevele-l-dydis","status":"publish","type":"product","link":"https:\/\/tint.lt\/shop\/preke\/sott-plono-audinio-pirstines-darbui-su-viniline-plevele-l-dydis\/","title":{"rendered":"SOTT- plono audinio pir\u0161tin\u0117s darbui su viniline pl\u0117vele, L dydis"},"content":{"rendered":"\t\t<div data-elementor-type=\"wp-post\" data-elementor-id=\"30972\" class=\"elementor elementor-30972\">\n\t\t\t\t<div class=\"wd-negative-gap elementor-element elementor-element-b9ad7ec e-flex e-con-boxed e-con e-parent\" data-id=\"b9ad7ec\" data-element_type=\"container\" data-e-type=\"container\">\n\t\t\t\t\t<div class=\"e-con-inner\">\n\t\t\t\t<div class=\"elementor-element elementor-element-ac54c2b elementor-widget elementor-widget-wd_text_block\" data-id=\"ac54c2b\" data-element_type=\"widget\" data-e-type=\"widget\" data-widget_type=\"wd_text_block.default\">\n\t\t\t\t<div class=\"elementor-widget-container\">\n\t\t\t\t\t\t\t<div class=\"wd-text-block reset-last-child text-left\">\n\t\t\t\n\t\t\t<p>Vinilin\u0117s pl\u0117vel\u0117s klijavimui skirtos pir\u0161tin\u0117s. Gerai slysta pro pl\u0117vel\u0117s pavir\u0161i\u0173, palengvina darb\u0105 ten, kur su braukle sud\u0117tinga prispausti d\u0117l pavir\u0161i\u0173 form\u0173.<\/p>\n\t\t\t\t\t<\/div>\n\t\t\t\t\t\t<\/div>\n\t\t\t\t<\/div>\n\t\t\t\t\t<\/div>\n\t\t\t\t<\/div>\n\t\t\t\t<\/div>\n\t\t","protected":false},"excerpt":{"rendered":"<p>Klijuojant vinilin\u0117 k\u0117bulo pl\u0117vel\u0119 &#8211; pir\u0161tin\u0117s ypa\u010d naudingos, gerai slysta per pl\u0117vel\u0117s pavir\u0161i\u0173. Taip pat, dirbant su peiliais &#8211; nety\u010dia<\/p>\n","protected":false},"featured_media":30974,"comment_status":"open","ping_status":"closed","template":"","meta":{"_acf_changed":false},"product_brand":[98],"product_cat":[90,121],"product_tag":[],"class_list":{"0":"post-30972","1":"product","2":"type-product","3":"status-publish","4":"has-post-thumbnail","6":"product_brand-sott","7":"product_cat-irankiai-ir-priemones-pleveliu-klijavimui","8":"product_cat-kiti-pagalbiniai-irankiai","10":"first","11":"instock","12":"taxable","13":"shipping-taxable","14":"purchasable","15":"product-type-simple"},"acf":[],"yoast_head":"<!-- This site is optimized with the Yoast SEO plugin v27.3 - https:\/\/yoast.com\/product\/yoast-seo-wordpress\/ -->\n<title>SOTT- plono audinio pir\u0161tin\u0117s darbui su viniline pl\u0117vele, L dydis - Tint<\/title>\n<meta name=\"robots\" content=\"index, follow, max-snippet:-1, max-image-preview:large, max-video-preview:-1\" \/>\n<link rel=\"canonical\" href=\"https:\/\/tint.lt\/shop\/preke\/sott-plono-audinio-pirstines-darbui-su-viniline-plevele-l-dydis\/\" \/>\n<meta property=\"og:locale\" content=\"lt_LT\" \/>\n<meta property=\"og:type\" content=\"article\" \/>\n<meta property=\"og:title\" content=\"SOTT- plono audinio pir\u0161tin\u0117s darbui su viniline pl\u0117vele, L dydis - Tint\" \/>\n<meta property=\"og:description\" content=\"Klijuojant vinilin\u0117 k\u0117bulo pl\u0117vel\u0119 &#8211; pir\u0161tin\u0117s ypa\u010d naudingos, gerai slysta per pl\u0117vel\u0117s pavir\u0161i\u0173. Taip pat, dirbant su peiliais &#8211; nety\u010dia\" \/>\n<meta property=\"og:url\" content=\"https:\/\/tint.lt\/shop\/preke\/sott-plono-audinio-pirstines-darbui-su-viniline-plevele-l-dydis\/\" \/>\n<meta property=\"og:site_name\" content=\"Tint\" \/>\n<meta property=\"article:modified_time\" content=\"2026-05-05T00:00:15+00:00\" \/>\n<meta property=\"og:image\" content=\"https:\/\/tint.lt\/shop\/wp-content\/uploads\/2026\/04\/400-252-Sott-wrapp-pirstines.jpg\" \/>\n\t<meta property=\"og:image:width\" content=\"900\" \/>\n\t<meta property=\"og:image:height\" content=\"900\" \/>\n\t<meta property=\"og:image:type\" content=\"image\/jpeg\" \/>\n<meta name=\"twitter:card\" content=\"summary_large_image\" \/>\n<meta name=\"twitter:label1\" content=\"Est. reading time\" \/>\n\t<meta name=\"twitter:data1\" content=\"1 minut\u0117\" \/>\n<script type=\"application\/ld+json\" class=\"yoast-schema-graph\">{\"@context\":\"https:\\\/\\\/schema.org\",\"@graph\":[{\"@type\":\"WebPage\",\"@id\":\"https:\\\/\\\/tint.lt\\\/shop\\\/preke\\\/sott-plono-audinio-pirstines-darbui-su-viniline-plevele-l-dydis\\\/\",\"url\":\"https:\\\/\\\/tint.lt\\\/shop\\\/preke\\\/sott-plono-audinio-pirstines-darbui-su-viniline-plevele-l-dydis\\\/\",\"name\":\"SOTT- plono audinio pir\u0161tin\u0117s darbui su viniline pl\u0117vele, L dydis - Tint\",\"isPartOf\":{\"@id\":\"https:\\\/\\\/tint.lt\\\/shop\\\/#website\"},\"primaryImageOfPage\":{\"@id\":\"https:\\\/\\\/tint.lt\\\/shop\\\/preke\\\/sott-plono-audinio-pirstines-darbui-su-viniline-plevele-l-dydis\\\/#primaryimage\"},\"image\":{\"@id\":\"https:\\\/\\\/tint.lt\\\/shop\\\/preke\\\/sott-plono-audinio-pirstines-darbui-su-viniline-plevele-l-dydis\\\/#primaryimage\"},\"thumbnailUrl\":\"https:\\\/\\\/tint.lt\\\/shop\\\/wp-content\\\/uploads\\\/2026\\\/04\\\/400-252-Sott-wrapp-pirstines.jpg\",\"datePublished\":\"2026-04-25T11:49:19+00:00\",\"dateModified\":\"2026-05-05T00:00:15+00:00\",\"breadcrumb\":{\"@id\":\"https:\\\/\\\/tint.lt\\\/shop\\\/preke\\\/sott-plono-audinio-pirstines-darbui-su-viniline-plevele-l-dydis\\\/#breadcrumb\"},\"inLanguage\":\"lt-LT\",\"potentialAction\":[{\"@type\":\"ReadAction\",\"target\":[\"https:\\\/\\\/tint.lt\\\/shop\\\/preke\\\/sott-plono-audinio-pirstines-darbui-su-viniline-plevele-l-dydis\\\/\"]}]},{\"@type\":\"ImageObject\",\"inLanguage\":\"lt-LT\",\"@id\":\"https:\\\/\\\/tint.lt\\\/shop\\\/preke\\\/sott-plono-audinio-pirstines-darbui-su-viniline-plevele-l-dydis\\\/#primaryimage\",\"url\":\"https:\\\/\\\/tint.lt\\\/shop\\\/wp-content\\\/uploads\\\/2026\\\/04\\\/400-252-Sott-wrapp-pirstines.jpg\",\"contentUrl\":\"https:\\\/\\\/tint.lt\\\/shop\\\/wp-content\\\/uploads\\\/2026\\\/04\\\/400-252-Sott-wrapp-pirstines.jpg\",\"width\":900,\"height\":900},{\"@type\":\"BreadcrumbList\",\"@id\":\"https:\\\/\\\/tint.lt\\\/shop\\\/preke\\\/sott-plono-audinio-pirstines-darbui-su-viniline-plevele-l-dydis\\\/#breadcrumb\",\"itemListElement\":[{\"@type\":\"ListItem\",\"position\":1,\"name\":\"Home\",\"item\":\"https:\\\/\\\/tint.lt\\\/shop\\\/\"},{\"@type\":\"ListItem\",\"position\":2,\"name\":\"Parduotuv\u0117\",\"item\":\"https:\\\/\\\/tint.lt\\\/shop\\\/produktai\\\/\"},{\"@type\":\"ListItem\",\"position\":3,\"name\":\"SOTT- plono audinio pir\u0161tin\u0117s darbui su viniline pl\u0117vele, L dydis\"}]},{\"@type\":\"WebSite\",\"@id\":\"https:\\\/\\\/tint.lt\\\/shop\\\/#website\",\"url\":\"https:\\\/\\\/tint.lt\\\/shop\\\/\",\"name\":\"Tint.lt\",\"description\":\"El. parduotuv\u0117\",\"publisher\":{\"@id\":\"https:\\\/\\\/tint.lt\\\/shop\\\/#organization\"},\"potentialAction\":[{\"@type\":\"SearchAction\",\"target\":{\"@type\":\"EntryPoint\",\"urlTemplate\":\"https:\\\/\\\/tint.lt\\\/shop\\\/?s={search_term_string}\"},\"query-input\":{\"@type\":\"PropertyValueSpecification\",\"valueRequired\":true,\"valueName\":\"search_term_string\"}}],\"inLanguage\":\"lt-LT\"},{\"@type\":\"Organization\",\"@id\":\"https:\\\/\\\/tint.lt\\\/shop\\\/#organization\",\"name\":\"Tint.lt\",\"url\":\"https:\\\/\\\/tint.lt\\\/shop\\\/\",\"logo\":{\"@type\":\"ImageObject\",\"inLanguage\":\"lt-LT\",\"@id\":\"https:\\\/\\\/tint.lt\\\/shop\\\/#\\\/schema\\\/logo\\\/image\\\/\",\"url\":\"https:\\\/\\\/tint.lt\\\/shop\\\/wp-content\\\/uploads\\\/2026\\\/02\\\/TINT_lipnios_pleveles_profesionalams_grey.png\",\"contentUrl\":\"https:\\\/\\\/tint.lt\\\/shop\\\/wp-content\\\/uploads\\\/2026\\\/02\\\/TINT_lipnios_pleveles_profesionalams_grey.png\",\"width\":1265,\"height\":460,\"caption\":\"Tint.lt\"},\"image\":{\"@id\":\"https:\\\/\\\/tint.lt\\\/shop\\\/#\\\/schema\\\/logo\\\/image\\\/\"}}]}<\/script>\n<!-- \/ Yoast SEO plugin. -->","yoast_head_json":{"title":"SOTT- plono audinio pir\u0161tin\u0117s darbui su viniline pl\u0117vele, L dydis - Tint","robots":{"index":"index","follow":"follow","max-snippet":"max-snippet:-1","max-image-preview":"max-image-preview:large","max-video-preview":"max-video-preview:-1"},"canonical":"https:\/\/tint.lt\/shop\/preke\/sott-plono-audinio-pirstines-darbui-su-viniline-plevele-l-dydis\/","og_locale":"lt_LT","og_type":"article","og_title":"SOTT- plono audinio pir\u0161tin\u0117s darbui su viniline pl\u0117vele, L dydis - Tint","og_description":"Klijuojant vinilin\u0117 k\u0117bulo pl\u0117vel\u0119 &#8211; pir\u0161tin\u0117s ypa\u010d naudingos, gerai slysta per pl\u0117vel\u0117s pavir\u0161i\u0173. Taip pat, dirbant su peiliais &#8211; nety\u010dia","og_url":"https:\/\/tint.lt\/shop\/preke\/sott-plono-audinio-pirstines-darbui-su-viniline-plevele-l-dydis\/","og_site_name":"Tint","article_modified_time":"2026-05-05T00:00:15+00:00","og_image":[{"width":900,"height":900,"url":"https:\/\/tint.lt\/shop\/wp-content\/uploads\/2026\/04\/400-252-Sott-wrapp-pirstines.jpg","type":"image\/jpeg"}],"twitter_card":"summary_large_image","twitter_misc":{"Est. reading time":"1 minut\u0117"},"schema":{"@context":"https:\/\/schema.org","@graph":[{"@type":"WebPage","@id":"https:\/\/tint.lt\/shop\/preke\/sott-plono-audinio-pirstines-darbui-su-viniline-plevele-l-dydis\/","url":"https:\/\/tint.lt\/shop\/preke\/sott-plono-audinio-pirstines-darbui-su-viniline-plevele-l-dydis\/","name":"SOTT- plono audinio pir\u0161tin\u0117s darbui su viniline pl\u0117vele, L dydis - Tint","isPartOf":{"@id":"https:\/\/tint.lt\/shop\/#website"},"primaryImageOfPage":{"@id":"https:\/\/tint.lt\/shop\/preke\/sott-plono-audinio-pirstines-darbui-su-viniline-plevele-l-dydis\/#primaryimage"},"image":{"@id":"https:\/\/tint.lt\/shop\/preke\/sott-plono-audinio-pirstines-darbui-su-viniline-plevele-l-dydis\/#primaryimage"},"thumbnailUrl":"https:\/\/tint.lt\/shop\/wp-content\/uploads\/2026\/04\/400-252-Sott-wrapp-pirstines.jpg","datePublished":"2026-04-25T11:49:19+00:00","dateModified":"2026-05-05T00:00:15+00:00","breadcrumb":{"@id":"https:\/\/tint.lt\/shop\/preke\/sott-plono-audinio-pirstines-darbui-su-viniline-plevele-l-dydis\/#breadcrumb"},"inLanguage":"lt-LT","potentialAction":[{"@type":"ReadAction","target":["https:\/\/tint.lt\/shop\/preke\/sott-plono-audinio-pirstines-darbui-su-viniline-plevele-l-dydis\/"]}]},{"@type":"ImageObject","inLanguage":"lt-LT","@id":"https:\/\/tint.lt\/shop\/preke\/sott-plono-audinio-pirstines-darbui-su-viniline-plevele-l-dydis\/#primaryimage","url":"https:\/\/tint.lt\/shop\/wp-content\/uploads\/2026\/04\/400-252-Sott-wrapp-pirstines.jpg","contentUrl":"https:\/\/tint.lt\/shop\/wp-content\/uploads\/2026\/04\/400-252-Sott-wrapp-pirstines.jpg","width":900,"height":900},{"@type":"BreadcrumbList","@id":"https:\/\/tint.lt\/shop\/preke\/sott-plono-audinio-pirstines-darbui-su-viniline-plevele-l-dydis\/#breadcrumb","itemListElement":[{"@type":"ListItem","position":1,"name":"Home","item":"https:\/\/tint.lt\/shop\/"},{"@type":"ListItem","position":2,"name":"Parduotuv\u0117","item":"https:\/\/tint.lt\/shop\/produktai\/"},{"@type":"ListItem","position":3,"name":"SOTT- plono audinio pir\u0161tin\u0117s darbui su viniline pl\u0117vele, L dydis"}]},{"@type":"WebSite","@id":"https:\/\/tint.lt\/shop\/#website","url":"https:\/\/tint.lt\/shop\/","name":"Tint.lt","description":"El. parduotuv\u0117","publisher":{"@id":"https:\/\/tint.lt\/shop\/#organization"},"potentialAction":[{"@type":"SearchAction","target":{"@type":"EntryPoint","urlTemplate":"https:\/\/tint.lt\/shop\/?s={search_term_string}"},"query-input":{"@type":"PropertyValueSpecification","valueRequired":true,"valueName":"search_term_string"}}],"inLanguage":"lt-LT"},{"@type":"Organization","@id":"https:\/\/tint.lt\/shop\/#organization","name":"Tint.lt","url":"https:\/\/tint.lt\/shop\/","logo":{"@type":"ImageObject","inLanguage":"lt-LT","@id":"https:\/\/tint.lt\/shop\/#\/schema\/logo\/image\/","url":"https:\/\/tint.lt\/shop\/wp-content\/uploads\/2026\/02\/TINT_lipnios_pleveles_profesionalams_grey.png","contentUrl":"https:\/\/tint.lt\/shop\/wp-content\/uploads\/2026\/02\/TINT_lipnios_pleveles_profesionalams_grey.png","width":1265,"height":460,"caption":"Tint.lt"},"image":{"@id":"https:\/\/tint.lt\/shop\/#\/schema\/logo\/image\/"}}]}},"_links":{"self":[{"href":"https:\/\/tint.lt\/shop\/wp-json\/wp\/v2\/product\/30972","targetHints":{"allow":["GET"]}}],"collection":[{"href":"https:\/\/tint.lt\/shop\/wp-json\/wp\/v2\/product"}],"about":[{"href":"https:\/\/tint.lt\/shop\/wp-json\/wp\/v2\/types\/product"}],"replies":[{"embeddable":true,"href":"https:\/\/tint.lt\/shop\/wp-json\/wp\/v2\/comments?post=30972"}],"version-history":[{"count":1,"href":"https:\/\/tint.lt\/shop\/wp-json\/wp\/v2\/product\/30972\/revisions"}],"predecessor-version":[{"id":30975,"href":"https:\/\/tint.lt\/shop\/wp-json\/wp\/v2\/product\/30972\/revisions\/30975"}],"wp:featuredmedia":[{"embeddable":true,"href":"https:\/\/tint.lt\/shop\/wp-json\/wp\/v2\/media\/30974"}],"wp:attachment":[{"href":"https:\/\/tint.lt\/shop\/wp-json\/wp\/v2\/media?parent=30972"}],"wp:term":[{"taxonomy":"product_brand","embeddable":true,"href":"https:\/\/tint.lt\/shop\/wp-json\/wp\/v2\/product_brand?post=30972"},{"taxonomy":"product_cat","embeddable":true,"href":"https:\/\/tint.lt\/shop\/wp-json\/wp\/v2\/product_cat?post=30972"},{"taxonomy":"product_tag","embeddable":true,"href":"https:\/\/tint.lt\/shop\/wp-json\/wp\/v2\/product_tag?post=30972"}],"curies":[{"name":"wp","href":"https:\/\/api.w.org\/{rel}","templated":true}]}}